nder when 28619 is divided by 13669.
1281
What is the remainder when 696312 is divided by 75?
12
Calculate the remainder when 10240811 is divided by 487657.
14
Calculate the remainder when 388789511 is divided by 581.
579
Calculate the remainder when 3913026 is divided by 10.
6
Calculate the remainder when 278657 is divided by 1604.
1165
What is the remainder when 226730 is divided by 4381?
3299
Calculate the remainder when 135491 is divided by 7979.
7827
Calculate the remainder when 15385252 is divided by 1609.
1603
Calculate the remainder when 5445035 is divided by 18.
17
Calculate the remainder when 4409593 is divided by 22.
1
What is the remainder when 50870874 is divided by 931?
103
Calculate the remainder when 27614911 is divided by 33.
16
Calculate the remainder when 22187 is divided by 5382.
659
What is the remainder when 79276072 is divided by 2491?
2488
Calculate the remainder when 11040421 is divided by 133017.
10
What is the remainder when 340984 is divided by 1515?
109
What is the remainder when 8405614 is divided by 210140?
14
What is the remainder when 2685897 is divided by 379?
303
Calculate the remainder when 69278 is divided by 155.
148
Calculate the remainder when 326529713 is divided by 73460.
13
Calculate the remainder when 239059 is divided by 79590.
289
Calculate the remainder when 9449263 is divided by 176.
175
Calculate the remainder when 2116140 is divided by 529035.
0
Calculate the remainder when 475896 is divided by 118946.
112
Calculate the remainder when 29165 is divided by 629.
231
Calculate the remainder when 14731521 is divided by 1636831.
42
Calculate the remainder when 597748 is divided by 976.
436
What is the remainder when 55267 is divided by 853?
675
Calculate the remainder when 175091 is divided by 143.
59
What is the remainder when 84062296 is divided by 41?
37
Calculate the remainder when 105430514 is divided by 1613.
1608
What is the remainder when 453630003 is divided by 29?
26
What is the remainder when 121173 is divided by 60397?
379
What is the remainder when 2317046 is divided by 225?
221
What is the remainder when 32996150 is divided by 1222079?
17
Calculate the remainder when 63354424 is divided by 1866.
1858
What is the remainder when 5241765 is divided by 761?
758
Calculate the remainder when 77790017 is divided by 220.
217
What is the remainder when 2171315 is divided by 425?
415
Calculate the remainder when 55690865 is divided by 502.
491
Calculate the remainder when 11598833 is divided by 165.
158
What is the remainder when 427283 is divided by 980?
3
Calculate the remainder when 2705836 is divided by 1023.
1
What is the remainder when 10435627 is divided by 355?
47
What is the remainder when 20854784 is divided by 1489627?
6
What is the remainder when 2888809 is divided by 36567?
16
Calculate the remainder when 64012607 is divided by 18.
17
What is the remainder when 2829954 is divided by 4301?
4197
What is the remainder when 6079757 is divided by 2026585?
2
What is the remainder when 27593045 is divided by 231874?
39
Calculate the remainder when 60241 is divided by 262.
243
Calculate the remainder when 159317 is divided by 3484.
2537
What is the remainder when 155408 is divided by 21843?
2507
What is the remainder when 107459 is divided by 5638?
337
Calculate the remainder when 128154 is divided by 9858.
0
What is the remainder when 171921912 is divided by 15?
12
Calculate the remainder when 3593572 is divided by 505.
497
What is the remainder when 20817929 is divided by 216?
65
Calculate the remainder when 3127710 is divided by 16.
14
What is the remainder when 53614 is divided by 1621?
121
Calculate the remainder when 7893988 is divided by 19348.
4
Calculate the remainder when 361579 is divided by 5926.
93
Calculate the remainder when 156701 is divided by 1249.
576
Calculate the remainder when 35877801 is divided by 7175559.
6
What is the remainder when 18488341 is divided by 924?
25
What is the remainder when 1251977 is divided by 5028?
5
Calculate the remainder when 23350 is divided by 250.
100
What is the remainder when 93812346 is divided by 10?
6
What is the remainder when 1025527260 is divided by 6919?
6918
What is the remainder when 1010384 is divided by 120?
104
What is the remainder when 2811338 is divided by 1405662?
14
Calculate the remainder when 3910764 is divided by 209.
165
What is the remainder when 556468 is divided by 9758?
262
What is the remainder when 84390 is divided by 212?
14
What is the remainder when 16590759 is divided by 15?
9
What is the remainder when 203227 is divided by 1653?
1561
What is the remainder when 10466050 is divided by 3?
1
What is the remainder when 7704769 is divided by 2017?
1846
Calculate the remainder when 298042 is divided by 297914.
128
Calculate the remainder when 62563 is divided by 8937.
4
What is the remainder when 203429 is divided by 1677?
512
Calculate the remainder when 6989854 is divided by 1397970.
4
What is the remainder when 11276120 is divided by 48?
8
Calculate the remainder when 1045173 is divided by 7858.
59
Calculate the remainder when 31495 is divided by 1432.
1423
Calculate the remainder when 27705 is divided by 13246.
1213
What is the remainder when 11045587 is divided by 607?
8
What is the remainder when 20637386 is divided by 2293035?
71
What is the remainder when 3719494 is divided by 21624?
166
What is the remainder when 143938 is divided by 14319?
748
Calculate the remainder when 41346375 is divided by 1115.
1060
Calculate the remainder when 1730395 is divided by 10239.
4
Calculate the remainder when 152284710 is divided by 502.
500
What is the remainder when 2348867 is divided by 293608?
3
What is the remainder when 10480637 is divided by 32?
29
Calculate the remainder when 20293087 is divided by 12.
7
What is the remainder when 855543 is divided by 3294?
2397
Calculate the remainder when 39164373 is divided by 39164362.
11
Calculate the remainder when 371004 is divided by 123616.
156
What is the remainder when 112514 is divided by 1289?
371
Calculate the remainder when 202606714 is divided by 2161.
2159
What is the remainder when 433964 is divided by 43392?
44
Calculate the remainder when 690817 is divided by 98688.
1
Calculate the remainder when 62867298 is divided by 511.
501
Calculate the remainder when 1365620 is divided by 104.
100
Calculate the remainder when 25207114 is divided by 80.
74
What is the remainder when 56140 is divided by 319?
315
What is the remainder when 139378 is divided by 578?
80
What is the remainder when 217582183 is divided by 3035?
3033
What is the remainder when 1271088 is divided by 1269735?
1353
Calculate the remainder when 15282140 is divided by 2257.
2250
Calculate the remainder when 458865 is divided by 758.
275
Calculate the remainder when 17517 is divided by 213.
51
What is the remainder when 869993 is divided by 25583?
171
What is the remainder when 2689612 is divided by 31625?
1487
Calculate the remainder when 400808 is divided by 400501.
307
Calculate the remainder when 133782 is divided by 33294.
606
What is the remainder when 1285359 is divided by 642668?
23
What is the remainder when 8746926 is divided by 413?
412
What is the remainder when 219433 is divided by 219403?
30
Calculate the remainder when 92838 is divided by 2105.
218
Calculate the remainder when 299230 is divided by 96550.
9580
What is the remainder when 31544 is divided by 6186?
614
What is the remainder when 11840029 is divided by 157?
31
What is the remainder when 288788 is divided by 41254?
10
What is the remainder when 304507 is divided by 420?
7
Calculate the remainder when 2617197 is divided by 45.
42
Calculate the remainder when 2901311 is divided by 709.
83
Calculate the remainder when 455733198 is divided by 759.
756
What is the remainder when 1419769 is divided by 228?
13
Calculate the remainder when 2157303 is divided by 106.
97
What is the remainder when 17920 is divided by 185?
160
What is the remainder when 9922125 is divided by 291812?
517
Calculate the remainder when 170138 is divided by 1311.
1019
What is the remainder when 124205 is divided by 8762?
1537
Calculate the remainder when 8590521 is divided by 23.
21
What is the remainder when 49775482 is divided by 575?
32
Calculate the 